36
Let y(d) = -151*d - 21. Give y(-2).
281
Let q(b) = -b**2 - 25*b + 45. Give q(-19).
159
Let j(g) = -93*g + 2026. Determine j(22).
-20
Let y(v) = -14*v**2 + 8*v - 6. Determine y(4).
-198
Let y(z) = z**2 - 79*z - 590. Calculate y(85).
-80
Let y(n) = 16*n + 348. Calculate y(14).
572
Let l(w) = 7*w**3 + 14*w**2 - 26*w + 12. Give l(1).
7
Let b(f) = -f**3 + 29*f**2 - 169*f + 31. Calculate b(21).
10
Let u(j) = 5*j**3 - 4*j**2 - 281*j - 60. What is u(-7)?
-4
Let m(c) = -2*c**3 + 29*c**2 - 93*c + 36. Give m(9).
90
Let m(n) = 13*n - 71. Calculate m(3).
-32
Let n(f) = f**2 - 22*f - 51. Determine n(32).
269
Let b(f) = -16*f**3 + 60*f**2 + 17*f - 1. Calculate b(4).
3
Let j(w) = w**3 + 26*w**2 - 2637*w + 200. Determine j(-66).
2
Let r(g) = -g**2 + 13*g - 206. What is r(25)?
-506
Let h(t) = -t**3 - 6*t**2 + 4*t - 23. Determine h(-7).
-2
Let u(o) = -18*o + 430. Calculate u(26).
-38
Let v(j) = -j**3 - 48*j**2 - 208*j + 328. What is v(-43)?
27
Let n(d) = -27*d**2 + d - 3. What is n(2)?
-109
Let m(i) = 63*i - 739. Calculate m(7).
-298
Let a(n) = -2*n**3 - 70*n**2 + 226*n - 73. Calculate a(-38).
3
Let i(s) = 114*s**2 - 9*s - 3. Determine i(-1).
120
Let k(i) = i**3 + 30*i**2 - 315*i - 4901. Calculate k(-35).
-1
Let a(y) = -31*y + 534. Calculate a(17).
7
Let x(p) = p**3 - 10*p**2 - 9*p. What is x(-1)?
-2
Let c(o) = -o - 5. Determine c(10).
-15
Let m(n) = -818*n - 3. Give m(0).
-3
Let v(t) = -11*t - 137. Give v(-24).
127
Let x(a) = 5*a + 14. Calculate x(-3).
-1
Let q(g) = 4*g**2 + g - 7. Determine q(-2).
7
Let k(q) = q**3 + 13*q**2 - 16*q - 424. What is k(-11)?
-6
Let u(m) = -94*m - 2233. Give u(-24).
23
Let y(z) = -438*z + 66598. Calculate y(152).
22
Let s(r) = -r**2 - r - 102. What is s(0)?
-102
Let f(t) = t**2 + 1788*t. Calculate f(0).
0
Let p(d) = 381*d - 771. Calculate p(2).
-9
Let c(v) = 771*v + 5388. What is c(-7)?
-9
Let g(n) = 3*n**3 + 764*n**2 + 6394*n - 496. Give g(-246).
-4
Let t(u) = -u**3 - 16*u**2 + 110*u + 102. Calculate t(-21).
-3
Let a(n) = -18*n - 298. Give a(-20).
62
Let u(x) = -55*x + 1099. Give u(20).
-1
Let z(m) = -2*m**2 + 252*m - 981. Determine z(122).
-5
Let t(a) = 2*a**2 + 80*a + 63. Give t(-38).
-89
Let d(i) = i**2 + 25*i + 160. Determine d(-11).
6
Let a(m) = 12*m - 17. Give a(-2).
-41
Let t(j) = -j**3 - 13*j**2 + 21*j + 267. Calculate t(-13).
-6
Let b(l) = l**3 + 17*l**2 + 65*l - 51. Determine b(-8).
5
Let f(u) = -8*u**2 + 111*u + 460. Calculate f(-4).
-112
Let f(w) = -w**3 - 19*w**2 - 29*w - 5. Calculate f(-6).
-299
Let x(v) = -v**2 - 11*v + 51. What is x(-13)?
25
Let j(b) = 187*b - 2239. Give j(14).
379
Let y(s) = -1841*s + 7367. What is y(4)?
3
Let v(r) = 9*r + 1. What is v(-8)?
-71
Let f(n) = -n**3 - 4*n**2 + 192*n + 932. Determine f(-5).
-3
Let p(c) = c**2 + 21*c + 171. What is p(-17)?
103
Let o(d) = -1688*d + 75962. Calculate o(45).
2
Let c(v) = -37*v**2 + 41*v - 31. Determine c(1).
-27
Let q(m) = -19*m**3 + 780*m**2 - 25*m - 662. Determine q(41).
-6
Let h(w) = 2*w**3 + 17*w**2 + 4*w + 28. What is h(-8)?
60
Let z(w) = -w**3 + 6*w**2 - 38*w + 172. What is z(5)?
7
Let s(w) = -w**3 + 374*w**2 - 31248*w + 8. What is s(126)?
8
Let s(j) = -183*j + 827. What is s(5)?
-88
Let v(n) = -6*n**2 - 150*n + 331. What is v(-27)?
7
Let m(r) = 13*r + 99. What is m(5)?
164
Let t(x) = -4*x**3 + 9*x**2 + 2*x - 21. Give t(4).
-125
Let q(i) = -i**3 + 18*i**2 - 17*i + 5. Determine q(12).
665
Let j(c) = c**2 - 138*c + 2364. Determine j(20).
4
Let u(b) = -b**2 - 11*b + 75. Calculate u(0).
75
Let i(d) = -728*d + 149971. Give i(206).
3
Let x(c) = 19*c**3 + 132*c**2 - 2*c - 1. Give x(-7).
-36
Let m(d) = -3*d**3 - 72*d**2 - 358*d + 5. Determine m(-7).
12
Let w(x) = -401*x + 5195. Calculate w(13).
-18
Let d(z) = 4*z**2 - 88*z - 9. Calculate d(21).
-93
Let q(c) = -c**3 - 4*c**2 + 12*c + 1. What is q(-6)?
1
Let a(l) = l**3 + 21*l**2 + 102*l - 1. Calculate a(-12).
71
Let d(j) = 58*j**3 - 5511*j**2 + 92*j + 237. What is d(95)?
-48
Let n(g) = 35*g**2 + 736*g + 43. What is n(-21)?
22
Let i(v) = 2*v**3 - 14*v**2 + 7*v - 16. What is i(6)?
-46
Let f(p) = p**3 + 24*p**2 - 51*p + 64. Calculate f(-26).
38
Let r(g) = g**2 + 731*g - 7447. Give r(10).
-37
Let q(w) = -2842*w + 11373. Determine q(4).
5
Let f(v) = -2*v**2 - 60*v + 823. What is f(-40)?
23
Let m(q) = 1036*q + 3092. Calculate m(-3).
-16
Let g(f) = -3*f**2 - 31*f - 33. Give g(-3).
33
Let o(u) = u**3 + 10*u**2 - 16*u - 83. What is o(-10)?
77
Let f(u) = -933*u - 7434. Calculate f(-8).
30
Let f(h) = -2*h**2 - 4*h + 59. Determine f(-6).
11
Let h(q) = 5*q - 542. Give h(92).
-82
Let c(z) = -z**3 + 9*z**2 - 43*z + 212. Calculate c(7).
9
Let w(k) = -6*k**2 + 585*k - 212. Determine w(97).
79
Let a(s) = 401*s - 2015. Give a(5).
-10
Let i(c) = c**3 - 74*c**2 + 468*c + 72. Calculate i(67).
5
Let z(x) = 5929*x - 11866. Calculate z(2).
-8
Let d(s) = 5*s + 351. Calculate d(-59).
56
Let f(p) = -7*p**3 + p**2 + p. Calculate f(1).
-5
Let l(j) = -199*j - 31638. Determine l(-159).
3
Let g(n) = n**3 + 20*n**2 + 52*n - 10. Give g(-17).
-27
Let p(m) = -116*m + 12991. Calculate p(112).
-1
Let r(v) = v**3 + 54*v**2 - 951*v - 121. What is r(-68)?
-189
Let p(q) = -q**3 - 39*q**2 - 104*q + 130. What is p(-36)?
-14
Let s(b) = -41*b + 378. Calculate s(9).
9
Let a(q) = q**2 + 20*q - 780. Calculate a(19).
-39
Let i(u) = -u**2 + 2*u - 24. Calculate i(9).
-87
Let b(c) = -c**2 + 47*c - 533. Determine b(26).
13
Let s(o) = -o**3 + 46*o**2 - 297*o + 2. What is s(8)?
58
Let p(i) = -i**2 - 60*i - 857. What is p(-24)?
7
Let k(m) = 2*m**3 + 89*m**2 + 46*m - 92. What is k(-44)?
-180
Let k(b) = -3*b**2 + 10*b + 19. Calculate k(5).
-6
Let r(o) = 263*o - 2034. Give r(8).
70
Let v(a) = a - 49. Determine v(-7).
-56
Let m(r) = -398*r - 2193. What is m(-5)?
-203
Let d(t) = -2*t**3 + 48*t**2 + 52*t - 40. Give d(25).
10
Let j(p) = 27*p**2 + 290*p + 1146. Give j(-4).
418
Let y(u) = -45*u + 5123. Give y(114).
-7
Let c(q) = -8*q**3 + 103*q**2 + 2*q + 104. Determine c(13).
-39
Let y(t) = -264*t + 11353. Give y(43).
1
Let f(j) = 410*j + 34079. What is f(-83)?
49
Let u(j) = -j**2 + 85*j - 1292. Determine u(65).
8
Let y(b) = 3*b**2 + 45*b - 644. Determine y(-24).
4
Let m(z) = -z**3 + 3*z**2 - 117*z - 509. Determine m(-4).
71
Let w(v) = 2*v**2 + 225*v + 176. Give w(-112).
64
Let r(b) = -850*b - 4336. What is r(-5)?
-86
Let u(t) = 138*t**2 - 35*t + 34. What is u(1)?
137
Let y(s) = -27*s + 1058. What is y(42)?
-76
Let d(i) = -9*i**2 + 7*i + 47. Calculate d(6).
-235
Let w(j) = j**3 - 86*j**2 + 274*j - 8911. Determine w(84).
-7
Let n(k) = -5737*k - 57374. Determine n(-10).
-4
Let y(x) = x**3 + 14*x**2 + 29*x + 32. Determine y(-13).
-176
Let p(g) = -g**3 + 23*g**2 - 45*g + 10. What is p(21)?
-53
Let f(h) = -99*h + 100. What is f(1)?
1
Let s(o) = 57*o - 397. Calculate s(6).
-55
Let v(z) = z**3 - 67*z**2 - 5*z + 132. What is v(67)?
-203
Let k(y) = 18*y - 153. Determine k(6).
-45
Let s(c) = c**2 - 49*c + 548. Give s(27).
-46
Let a(f) = -f**2 + 16*f + 78. Determine a(-5).
-27
Let d(z) = 6*z - 889. Give d(154).
35
Let h(i) = -i**2 - 19*i - 68. Give h(-5).
2
Let f(j) = -36*j**2 - 283*j + 41. What is f(-8)?
1
Let t(y) = -24*y**2 + 25*y + 20. What is t(-2)?
-126
Let r(c) = -c**2 + 21*c + 54. Calculate r(-5).
-76
Let m(z) = -z**3 - 4*z**2 + 35*z - 10. Determine m(7).
-304
Let d(m) = 2301*m + 13807. Calculate d(-6).
1
Let a(t) = t**3 - 33*t**2 - 142*t - 10. Calculate a(37).
212
Let g(l) = -13*l**2 + 68*l - 172. Determine g(3).
-85
Let q(k) = -295*k + 6145. What is q(21)?
-50
Let l(p) = p**3 + 30*p**2 + 29*p + 69. Calculate l(-30).
-801
Let j(x) = -x**3 + 36*x**2 - 262*x + 49. What is j(26)?
-3
Let l(m) = -m**3 + m**2 - 18*m + 42. What is l(2)?
2
Let u(h) = -47*h - 6437. What is u(-137)?
2
Let i(c) = -c**3 + 46*c**2 - 46*c + 205. Determine i(45).
160
Let t(c) = -c**3 - 19*c**2 - 39*c + 5. Determine t(-16).
-139
Let k(z) = -85*z**2 + 134*z + 3. Calculate k(2).
-69
Let m(a) = -a**2 - 22*a + 3722. Calculate m(-73).
-1
Let n(v) = -61*v + 350. Calculate n(6).
-16
Let n(g) = g**3 + 7*g**2 + 47*g + 116. Calculate n(-4).
-24
Let v(k) = -2*k**3 - 721*k**2 + 297*k - 23108. What is v(-361)?
-4
Let f(j) = -19*j + 86. Calculate f(3).
29
Let o(f) = -2*f**2 - 123*f + 449. Calculate o(-63).
260
Let h(m) = 5*m**3 + 79*m**2 + 296*m - 123. Determine h(-8).
5
Let s(h) = -37*h**3 + 8*h**2 + 46*h + 45. Det